e h(-50).
-178
Let v(h) = h**3 - 50*h**2 - 79*h + 1438. Give v(51).
10
Let y(b) = -6*b**3 + 76*b**2 + 81*b - 705. Give y(13).
10
Let m(j) = -71*j - 1635. Give m(-23).
-2
Let l(i) = -362*i**3 - i**2 + 14*i - 12. Determine l(1).
-361
Let z(u) = -2*u**2 + 56*u - 342. Calculate z(15).
48
Let r(v) = -v**2 - 42*v + 500. Give r(-52).
-20
Let x(k) = 9*k**3 + 3*k**2 - 37*k - 40. What is x(-1)?
-9
Let q(d) = 261*d + 46717. Calculate q(-179).
-2
Let g(v) = 10*v**2 - 93*v + 23. Calculate g(8).
-81
Let p(n) = 298*n - 6556. What is p(22)?
0
Let j(b) = 597*b - 28078. Give j(47).
-19
Let f(s) = -s**2 + 78*s + 596. Calculate f(-7).
1
Let r(t) = -8*t - 51. What is r(-7)?
5
Let x(c) = c**3 + 6*c**2 + 252*c + 1515. Calculate x(-6).
3
Let b(m) = m**3 + 37*m**2 - 8*m - 205. Calculate b(-37).
91
Let d(l) = -l**3 + 14*l**2 - 13*l + 11. Give d(14).
-171
Let t(k) = k**3 + 14*k**2 - 4*k - 16. Determine t(-10).
424
Let r(m) = m**2 - 6*m - 373. What is r(-16)?
-21
Let k(s) = -s**3 - 1050*s**2 + 23586*s - 41. What is k(22)?
3
Let y(k) = 9*k**2 + 182*k - 817. Determine y(-24).
-1
Let f(s) = 2*s**3 - 2*s**2 - 88*s + 12. Determine f(7).
-16
Let p(o) = 283*o + 606. What is p(-2)?
40
Let d(l) = -l**3 - l**2 + 21*l + 4. Determine d(0).
4
Let j(m) = 7*m**2 - 110*m + 717. Determine j(7).
290
Let r(o) = -o**3 + 8*o**2 + 4*o - 87. What is r(7)?
-10
Let m(g) = 109*g + 210. Give m(-2).
-8
Let d(z) = 14*z - 484. Determine d(35).
6
Let s(c) = c**3 + 82*c**2 - 174*c - 559. Calculate s(-84).
-55
Let y(a) = -a**2 - 68*a - 952. Calculate y(-49).
-21
Let f(q) = 78*q**2 - 37*q - 64. Give f(-3).
749
Let g(f) = 880*f + 5278. Determine g(-6).
-2
Let q(l) = 157*l - 1412. Calculate q(9).
1
Let m(j) = 5*j**2 + 193*j - 1990. What is m(-47)?
-16
Let j(a) = 2*a**2 - 18*a - 51. Calculate j(6).
-87
Let u(q) = 587*q - 14083. Give u(24).
5
Let x(l) = 22*l - 487. What is x(31)?
195
Let w(b) = 98*b + 668. Give w(4).
1060
Let f(v) = 5*v**2 - 10*v - 370. Calculate f(-7).
-55
Let n(l) = 9*l - 58. Give n(-7).
-121
Let l(n) = -12*n**2 - 1004*n + 341. Determine l(-84).
5
Let x(d) = -d**3 + d**2 + 112. Determine x(0).
112
Let n(y) = -y**2 - 64*y + 841. Give n(12).
-71
Let m(t) = 61*t - 186. Give m(4).
58
Let p(t) = 3*t**2 - 15*t - 320. Give p(-8).
-8
Let m(i) = -49*i + 3066. What is m(62)?
28
Let n(v) = v**3 - 9*v**2 - 354*v + 89. Calculate n(-15).
-1
Let x(a) = -258*a + 19354. Determine x(75).
4
Let k(s) = -s**2 - 184*s - 6496. What is k(-136)?
32
Let m(w) = 5*w**3 + 11*w**2 - 71*w + 64. What is m(1)?
9
Let f(d) = 3*d**3 + 199*d**2 + 3218*d - 48. What is f(-28)?
8
Let n(q) = -q**3 + 8*q**2 + 9*q - 25. Calculate n(6).
101
Let b(a) = a**3 + 35*a**2 - 32*a + 59. What is b(-36)?
-85
Let w(i) = -11*i**2 - 17*i - 63. Determine w(-6).
-357
Let l(t) = 3*t**2 + 36*t + 63. Determine l(-6).
-45
Let p(b) = -384*b - 3873. Determine p(-10).
-33
Let u(o) = 45*o + 645. Give u(-14).
15
Let t(k) = 56*k - 61. Determine t(6).
275
Let l(y) = -2*y**2 - 37*y + 5. What is l(-18)?
23
Let w(c) = 9*c**3 + 33*c**2 - 2*c - 5. Calculate w(-4).
-45
Let i(v) = 122*v + 962. Give i(-8).
-14
Let a(h) = -5*h + 314. Determine a(6).
284
Let b(k) = 142*k - 35. Give b(-2).
-319
Let s(t) = -t**3 - 2*t**2 - 19*t - 168. Give s(-5).
2
Let v(c) = 29*c - 533. Determine v(14).
-127
Let d(x) = x**3 + 7*x**2 + 15*x + 16. Give d(-6).
-38
Let p(f) = -3*f**2 - 2824*f - 5645. Calculate p(-2).
-9
Let h(o) = 966*o + 112. What is h(0)?
112
Let v(q) = q**3 - 14*q**2 - 14*q - 13. Determine v(15).
2
Let k(i) = i**3 - 89*i**2 + 575*i + 1. Give k(82).
83
Let u(q) = -26*q + 499. Determine u(-17).
941
Let u(m) = m**3 + 39*m**2 + 62*m - 467. Determine u(-37).
-23
Let r(j) = 2*j**3 + 15*j**2 - 12*j - 139. What is r(-7)?
-6
Let z(o) = -1154*o - 5766. Give z(-5).
4
Let y(o) = o**3 - 6*o**2 + 1801*o - 14539. Calculate y(8).
-3
Let c(i) = 9*i**2 + 215*i + 1204. Calculate c(-15).
4
Let y(p) = -1418*p - 5674. Give y(-4).
-2
Let s(o) = 42*o - 121. Calculate s(3).
5
Let n(f) = -f**2 - 15*f - 11. Determine n(-10).
39
Let p(k) = 2*k**2 + 52*k - 184. Calculate p(3).
-10
Let o(u) = u**3 - 57*u**2 + 47*u - 2679. Determine o(57).
0
Let j(m) = 16*m + 348. Give j(6).
444
Let y(o) = -92*o**3 + o**2 - 3*o - 3. Calculate y(-1).
93
Let m(o) = 10*o + 364. Calculate m(-27).
94
Let f(w) = -3342*w + 100267. Calculate f(30).
7
Let a(w) = -34*w + 2829. What is a(83)?
7
Let l(z) = z**3 + 11*z**2 + 13*z - 41. Determine l(-3).
-8
Let o(v) = v**2 - 3*v + 21. What is o(4)?
25
Let v(a) = -72*a + 127. Determine v(-2).
271
Let v(k) = -46*k - 1523. Determine v(-33).
-5
Let o(u) = 2*u**3 - 30*u**2 + 51*u + 37. Calculate o(13).
24
Let t(o) = -o**3 + 18*o**2 - 33*o - 59. What is t(17)?
-331
Let g(r) = -81*r - 20828. Calculate g(-257).
-11
Let w(n) = -6*n**3 + 126*n**2 + 4*n - 71. Give w(21).
13
Let x(a) = a**3 + 5*a - 4. What is x(0)?
-4
Let k(z) = 3*z**3 + 4*z**2 - 6*z - 4. Calculate k(-4).
-108
Let h(d) = -d**2 - 22*d - 130. Give h(-13).
-13
Let d(y) = -y**3 - 95*y**2 + 199*y + 430. What is d(-97)?
-55
Let g(i) = i**2 + 117*i - 4056. Calculate g(-145).
4
Let y(a) = -4*a**2 + 8*a + 2. Give y(1).
6
Let s(w) = w**2 + 221*w - 3752. What is s(16)?
40
Let h(q) = -17*q**2 + 365*q + 602. Calculate h(23).
4
Let r(s) = -58*s - 81. What is r(-3)?
93
Let v(p) = -p**2 + 147*p - 1718. Determine v(10).
-348
Let p(t) = -2*t**2 + 20*t + 182. Give p(16).
-10
Let n(c) = -59*c + 3600. Give n(61).
1
Let p(o) = -15*o**3 + 2*o**2 + 3*o + 7. Give p(3).
-371
Let o(d) = -7*d**2 - 130*d + 15. Give o(-19).
-42
Let u(s) = s**3 - 13*s**2 - 3*s - 108. Calculate u(14).
46
Let y(q) = -q**2 - 16*q + 162. Calculate y(15).
-303
Let i(k) = k**3 - 123*k**2 - 29*k + 3576. Calculate i(123).
9
Let z(k) = -18*k**3 + 4*k**2 + 14*k + 22. Determine z(-2).
154
Let b(k) = k**2 - 450*k - 16457. Give b(-34).
-1
Let x(p) = -p**3 + 23*p**2 - 12*p - 706. What is x(21)?
-76
Let m(d) = -2419*d - 33871. What is m(-14)?
-5
Let m(i) = i**3 + 28*i**2 + 181*i + 30. Calculate m(-10).
20
Let u(b) = -b**3 - 9*b**2 + b - 10. What is u(-9)?
-19
Let i(h) = h**2 + 98*h - 292. Calculate i(3).
11
Let f(z) = 3*z**3 - 37*z**2 + 2*z + 18. Give f(12).
-102
Let u(t) = -96*t**2 + 395*t - 12. Calculate u(4).
32
Let h(l) = -233*l - 10301. Give h(-44).
-49
Let v(r) = 7*r + 480. Give v(18).
606
Let u(a) = -a**3 + 47*a**2 - 525*a - 133. What is u(19)?
0
Let h(z) = z**2 + 28*z + 161. Determine h(-14).
-35
Let l(b) = b**3 + 16*b**2 + 3*b + 51. Calculate l(-16).
3
Let k(y) = -33*y + 43. Give k(11).
-320
Let g(b) = -4822*b + 33749. Calculate g(7).
-5
Let u(x) = -x**3 + 34*x**2 - 39*x + 168. Calculate u(33).
-30
Let g(n) = -2*n**3 + 21*n**2 + 3*n - 45. Calculate g(10).
85
Let f(i) = -421*i + 2949. Determine f(7).
2
Let f(h) = -h**3 + 128*h**2 + 408*h - 1976. Calculate f(131).
-11
Let o(v) = v**3 - 4*v**2 - 35. What is o(-5)?
-260
Let b(s) = -s**3 + 46*s**2 - 202*s - 118. Determine b(41).
5
Let j(f) = f**2 + 82*f - 16742. Calculate j(95).
73
Let s(n) = -n**3 + 10*n**2 + 46*n - 467. Calculate s(10).
-7
Let b(i) = -255*i - 1791. Give b(-7).
-6
Let j(p) = 162*p + 334. Calculate j(-2).
10
Let o(v) = -v**3 + 18*v**2 + 19*v - 19. What is o(19)?
-19
Let w(y) = 134*y**2 + 128*y + 2. What is w(-1)?
8
Let l(f) = -206*f - 6163. Determine l(-30).
17
Let k(d) = 41*d**2 - 218*d + 74. Calculate k(5).
9
Let b(r) = 3039*r - 112425. Give b(37).
18
Let d(s) = s**3 + 15*s**2 + 28*s - 35. Give d(-11).
141
Let q(l) = -2*l**3 + 61*l**2 - 120*l - 564. Calculate q(28).
-4
Let q(v) = -v**3 - 19*v**2 - 49*v + 62. What is q(-16)?
78
Let y(h) = -h - 34. What is y(16)?
-50
Let h(z) = 475*z + 19517. Give h(-41).
42
Let o(d) = 4*d**2 + 69*d - 17. Determine o(-17).
-34
Let c(k) = 2*k**3 - 38*k**2 + 9*k - 208. Calculate c(19).
-37
Let j(z) = -40*z + 288. Give j(6).
48
Let s(z) = z**2 - 28*z + 297. What is s(24)?
201
Let m(g) = -37*g + 4543. What is m(121)?
66
Let g(f) = 68*f - 4302. Give g(66).
186
Let u(d) = -39*d + 150. Give u(4).
-6
Let n(c) = -c**3 + 22*c**2 - 14*c - 1382. What is n(15)?
-17
Let j(p) = p**3 + 10*p**2 - 97*p - 910. What is j(-12)?
-34
Let s(n) = -n**2 + 206*n - 419. What is s(2)?
-11
Let b(q) = -q**3 + 47*q**2 - 544*q + 78. Calculate b(20).
-2
Let u(p) = -361*p - 376. Determine u(-4).
1068
Let o(q) = -101*q**3 - 2*q**2 - 9*q - 6. Determine o(-1).
102
Let k(o) = 37*o - 1396. Determine k(42).
158
Let n(q) 